{"id":2,"date":"2022-06-23T17:32:24","date_gmt":"2022-06-23T15:32:24","guid":{"rendered":"https:\/\/holger-langer.de\/findedeinwarum\/?page_id=2"},"modified":"2023-06-28T22:45:59","modified_gmt":"2023-06-28T20:45:59","slug":"beispiel-seite","status":"publish","type":"page","link":"https:\/\/holger-langer.de\/findedeinwarum\/","title":{"rendered":"Finde dein Warum"},"content":{"rendered":"\n<section class=\"wp-block-group alignfull is-layout-flow wp-block-group-is-layout-flow\" id=\"hero-section\">\n<div class=\"wp-block-columns alignfull is-layout-flex wp-container-core-columns-is-layout-28f84493 wp-block-columns-is-layout-flex\">\n<div class=\"wp-block-column left is-layout-flow wp-block-column-is-layout-flow\" style=\"flex-basis:60%\">\n<section id=\"logo\" class=\"wp-block-group is-layout-flow wp-block-group-is-layout-flow\">\n<figure class=\"wp-block-image size-full is-resized\"><img loading=\"lazy\" decoding=\"async\" src=\"https:\/\/holger-langer.de\/findedeinwarum\/wp-content\/uploads\/sites\/3\/2022\/06\/fdw_Logo.png\" alt=\"\" class=\"wp-image-58\" width=\"500\" height=\"243\" srcset=\"https:\/\/holger-langer.de\/findedeinwarum\/wp-content\/uploads\/sites\/3\/2022\/06\/fdw_Logo.png 1000w, https:\/\/holger-langer.de\/findedeinwarum\/wp-content\/uploads\/sites\/3\/2022\/06\/fdw_Logo-300x146.png 300w, https:\/\/holger-langer.de\/findedeinwarum\/wp-content\/uploads\/sites\/3\/2022\/06\/fdw_Logo-768x372.png 768w\" sizes=\"auto, (max-width: 500px) 100vw, 500px\" \/><\/figure>\n<\/section>\n\n\n\n<p class=\"has-text-align-right\">Du wei\u00df nicht genau <span class=\"brand-color\">wieso<\/span> du jeden Morgen eigentlich aufstehst,<span class=\"umbruch\"><\/span> du zur Arbeit oder zum Studium oder in die Ausbildung gehst? <\/p>\n\n\n\n<p class=\"has-text-align-right\">Du machst jetzt seit 20 Jahren den gleichen Job und fragst dich<span class=\"umbruch\"><\/span> <span class=\"brand-color\">soll das f\u00fcr den Rest meines Lebens so weitergehen?<\/span><\/p>\n\n\n\n<p class=\"has-text-align-right\">Du produzierst oder verkaufst ein Produkt und fragst dich<span class=\"umbruch\"><\/span> <span class=\"brand-color\">mache ich das nur wegen des Geldes<\/span> oder <span class=\"brand-color\">ist da noch mehr?<\/span> <\/p>\n\n\n\n<p class=\"has-text-align-right has-medium-font-size\"><strong>DAS SIND WICHTIGE FRAGEN &#8211; AUCH IN DEINEM LEBEN?<br><span class=\"brand-color\">FINDE MIT MIR GEMEINSAM DIE ANTWORTEN<\/span><\/strong><\/p>\n\n\n\n<p class=\"has-text-align-right has-large-font-size\"><strong>FINDE DEIN WARUM!<\/strong><\/p>\n\n\n\n<div class=\"wp-block-buttons is-content-justification-right is-layout-flex wp-container-core-buttons-is-layout-d445cf74 wp-block-buttons-is-layout-flex\">\n<div class=\"wp-block-button has-custom-font-size is-style-outline has-medium-font-size is-style-outline--1\"><a class=\"wp-block-button__link wp-element-button\" href=\"#infos-termine\" style=\"border-radius:12px\">WEITERE INFOS &amp; TERMINE<\/a><\/div>\n<\/div>\n<\/div>\n\n\n\n<div class=\"wp-block-column right has-palette-color-4-background-color has-background is-layout-flow wp-block-column-is-layout-flow\" style=\"flex-basis:40%\"><\/div>\n<\/div>\n<\/section>\n\n\n\n<section class=\"wp-block-group alignfull hl-section is-layout-flow wp-block-group-is-layout-flow\" id=\"section-why\">\n<div class=\"wp-block-columns alignfull is-layout-flex wp-container-core-columns-is-layout-28f84493 wp-block-columns-is-layout-flex\">\n<div class=\"wp-block-column left is-layout-flow wp-block-column-is-layout-flow\" style=\"flex-basis:60%\"><\/div>\n\n\n\n<div class=\"wp-block-column right is-layout-flow wp-block-column-is-layout-flow\" style=\"flex-basis:40%\">\n<p class=\"hl-arrow\">Mit unterschiedlichen Techniken schauen wir in deine Vergangenheit. <\/p>\n\n\n\n<p class=\"hl-arrow\">Wir untersuchen, wo deine verborgenen F\u00e4higkeiten und Leidenschaften liegen. <\/p>\n\n\n\n<p class=\"hl-arrow\">Wir beleuchten, was dich im Inneren antreibt, was du besonders gut kannst und welche Werte f\u00fcr dich bei deiner Lebensgestaltung wichtig sind. <\/p>\n\n\n\n<p class=\"has-medium-font-size\"><strong>MIT DIESEN UND WEITEREN ERKUNDUNGEN <span class=\"brand-color\">GEHEN WIR<\/span> EINEN TAG LANG <span class=\"brand-color\">DEINEM WARUM AUF DEN GRUND.<\/span><\/strong><\/p>\n\n\n\n<p class=\"has-large-font-size\" style=\"text-transform:uppercase\"><strong>Lust drauf?<\/strong><\/p>\n\n\n\n<div class=\"wp-block-buttons is-layout-flex wp-block-buttons-is-layout-flex\">\n<div class=\"wp-block-button has-custom-font-size has-medium-font-size\"><a class=\"wp-block-button__link wp-element-button\" href=\"#anmelden\" style=\"border-radius:12px\">JETZT ANMELDEN<\/a><\/div>\n<\/div>\n<\/div>\n<\/div>\n<\/section>\n\n\n\n<section class=\"wp-block-group alignfull hl-section is-layout-flow wp-block-group-is-layout-flow\" id=\"section-mein-warum\">\n<div class=\"wp-block-columns alignfull is-layout-flex wp-container-core-columns-is-layout-28f84493 wp-block-columns-is-layout-flex\">\n<div class=\"wp-block-column left is-layout-flow wp-block-column-is-layout-flow\" style=\"flex-basis:60%\">\n<h2 class=\"wp-block-heading has-large-font-size\" style=\"text-transform:uppercase\">Mein Warum<\/h2>\n\n\n\n<p><strong>Vor einigen Jahren habe ich selbst einen Warum-Workshop besucht. Seitdem l\u00e4sst mich das Thema nicht mehr los.<\/strong><\/p>\n\n\n\n<p>Ich begleite Unternehmen im Wandel zur sinn- und menschenorientierten F\u00fchrung. Hierbei f\u00e4llt immer wieder auf, dass viele Mitarbeiter:innen nicht wissen, was ihr pers\u00f6nliches Warum ist. Es fehlt ihnen dann oft an Motivation und Selbstbest\u00e4tigung f\u00fcr ihr Tun.<\/p>\n\n\n\n<p>Leider bietet die junge Frau, bei der ich meinen Workshop besucht hatte, dieses Format nicht mehr an. So habe ich mich entschieden, selbst einen \u201eFinde dein Warum-Workshop\u201c, auf meinen Erfahrungen aufbauend, auf die Beine zu stellen.<\/p>\n\n\n\n<p>Es ist wichtig, dass Menschen sich sinnorientiert verwirklichen k\u00f6nnen, sowohl in der Familie, auf Arbeit, in Vereinen oder\u2026.<\/p>\n\n\n\n<p>In sinn- und menschenorientierten Unternehmen ist Grundlage, dass die Mitarbeiter:innen \u2013 also jede:r einzelne \u2013 sein Warum kennt, also auch du.<\/p>\n\n\n\n<p><strong>M\u00f6chtest auch du es erkennen, dich einbringen, dich selbst verwirklichen, dein Potenzial in die Umsetzung bringen? Du wei\u00dft allerdings noch nicht wie?<\/strong><\/p>\n\n\n\n<p><strong>Dann ist der Workshop genau das Richtige f\u00fcr dich.<\/strong><\/p>\n<\/div>\n\n\n\n<div class=\"wp-block-column right is-layout-flow wp-block-column-is-layout-flow\" style=\"flex-basis:40%\" id=\"infos-termine\">\n<figure class=\"wp-block-image size-full\"><img loading=\"lazy\" decoding=\"async\" width=\"1280\" height=\"800\" src=\"https:\/\/holger-langer.de\/findedeinwarum\/wp-content\/uploads\/sites\/3\/2022\/06\/fdw_illu_People.png\" alt=\"\" class=\"wp-image-55\" srcset=\"https:\/\/holger-langer.de\/findedeinwarum\/wp-content\/uploads\/sites\/3\/2022\/06\/fdw_illu_People.png 1280w, https:\/\/holger-langer.de\/findedeinwarum\/wp-content\/uploads\/sites\/3\/2022\/06\/fdw_illu_People-300x188.png 300w, https:\/\/holger-langer.de\/findedeinwarum\/wp-content\/uploads\/sites\/3\/2022\/06\/fdw_illu_People-1024x640.png 1024w, https:\/\/holger-langer.de\/findedeinwarum\/wp-content\/uploads\/sites\/3\/2022\/06\/fdw_illu_People-768x480.png 768w\" sizes=\"auto, (max-width: 1280px) 100vw, 1280px\" \/><\/figure>\n\n\n\n<p>Derzeit sind wir am Planen verschiedener Workshops in ganz Deutschland. <\/p>\n\n\n\n<p>Trage dich als Interessent:in ein. Wir informieren dich, wenn ein Workshop in deiner N\u00e4he geplant ist. <\/p>\n\n\n\n<p>Der n\u00e4chste Workshop findet am 9. September in M\u00fcnchen statt und kostet 199,00 \u20ac + 40,00 \u20ac Tagungspauschale.<\/p>\n<\/div>\n<\/div>\n<\/section>\n\n\n\n<section class=\"wp-block-group alignfull hl-section is-layout-flow wp-block-group-is-layout-flow\" id=\"anmelden\">\n<div class=\"wp-block-columns alignfull is-layout-flex wp-container-core-columns-is-layout-28f84493 wp-block-columns-is-layout-flex\">\n<div class=\"wp-block-column left is-layout-flow wp-block-column-is-layout-flow\" style=\"flex-basis:60%\">\n<h2 class=\"wp-block-heading has-large-font-size\" style=\"text-transform:uppercase\">Jetzt anmelden<\/h2>\n\n\n<p>[forminator_form id=&#8220;61&#8243;]<\/p>\n<\/div>\n\n\n\n<div class=\"wp-block-column right is-layout-flow wp-block-column-is-layout-flow\" style=\"flex-basis:40%\">\n<div style=\"height:80px\" aria-hidden=\"true\" class=\"wp-block-spacer\"><\/div>\n\n\n\n<p class=\"has-medium-font-size\" style=\"text-transform:uppercase\"><strong>Kontakt <\/strong><\/p>\n\n\n\n<p><strong>Holger Langer <\/strong><\/p>\n\n\n\n<p>Feldstra\u00dfe 12 <br>99326 Stadtilm <br>Deutschland <\/p>\n\n\n\n<p><strong>Telefon<\/strong> <br>+49 175 40 40 432 <\/p>\n\n\n\n<p><strong>E-Mail <br><\/strong>info(at)holger-langer.de<\/p>\n<\/div>\n<\/div>\n<\/section>\n\n\n\n<footer class=\"wp-block-group alignfull is-layout-flow wp-block-group-is-layout-flow\">\n<div class=\"wp-block-columns alignfull is-layout-flex wp-container-core-columns-is-layout-28f84493 wp-block-columns-is-layout-flex\">\n<div class=\"wp-block-column is-vertically-aligned-center left is-layout-flow wp-block-column-is-layout-flow\" style=\"flex-basis:60%\">\n<figure class=\"wp-block-image size-full is-resized\"><a href=\"https:\/\/holger-langer.de\"><img loading=\"lazy\" decoding=\"async\" src=\"https:\/\/holger-langer.de\/findedeinwarum\/wp-content\/uploads\/sites\/3\/2022\/06\/fdw_Logo_HL.png\" alt=\"\" class=\"wp-image-57\" width=\"500\" height=\"243\" srcset=\"https:\/\/holger-langer.de\/findedeinwarum\/wp-content\/uploads\/sites\/3\/2022\/06\/fdw_Logo_HL.png 1000w, https:\/\/holger-langer.de\/findedeinwarum\/wp-content\/uploads\/sites\/3\/2022\/06\/fdw_Logo_HL-300x146.png 300w, https:\/\/holger-langer.de\/findedeinwarum\/wp-content\/uploads\/sites\/3\/2022\/06\/fdw_Logo_HL-768x372.png 768w\" sizes=\"auto, (max-width: 500px) 100vw, 500px\" \/><\/a><\/figure>\n<\/div>\n\n\n\n<div class=\"wp-block-column is-vertically-aligned-center right is-layout-flow wp-block-column-is-layout-flow\" style=\"flex-basis:40%\">\n<p class=\"has-text-align-right has-small-font-size\">\u00a9 COPYRIGHT &#8211; HOLGER LANGER <br><a href=\"https:\/\/holger-langer.de\/impressum-datenschutz\/\">IMPRESSUM UND DATENSCHUTZERKL\u00c4RUNG<\/a><\/p>\n<\/div>\n<\/div>\n<\/footer>\n","protected":false},"excerpt":{"rendered":"<p>Du wei\u00df nicht genau wieso du jeden Morgen eigentlich aufstehst, du zur Arbeit oder zum Studium oder in die Ausbildung gehst? Du machst jetzt seit 20 Jahren den gleichen Job und fragst dich soll das f\u00fcr den Rest meines Lebens so weitergehen? Du produzierst oder verkaufst ein Produkt und fragst dich mache ich das nur [&hellip;]<\/p>\n","protected":false},"author":1,"featured_media":0,"parent":0,"menu_order":0,"comment_status":"closed","ping_status":"open","template":"","meta":{"_seopress_robots_primary_cat":"","_seopress_titles_title":"Finde dein WARUM Workshop %%sep%% Holger Langer","_seopress_titles_desc":"","_seopress_robots_index":"","_seopress_analysis_target_kw":"","footnotes":""},"class_list":["post-2","page","type-page","status-publish","hentry"],"blocksy_meta":{"styles_descriptor":{"styles":{"desktop":"","tablet":"","mobile":""},"google_fonts":[],"version":6},"page_title_panel":"","has_hero_section":"disabled","ec32f62c4d9a8c17d400d5830c5cf47a":"","hero_section":"type-1","hero_elements":[{"id":"custom_title","enabled":true,"heading_tag":"h1","title":"Startseite"},{"id":"custom_description","enabled":true,"description_visibility":{"desktop":true,"tablet":true,"mobile":false}},{"id":"custom_meta","enabled":false,"meta_elements":[{"id":"author","enabled":true,"label":"Von","has_author_avatar":"yes","avatar_size":25},{"id":"post_date","enabled":true,"label":"Am","date_format_source":"default","date_format":"M j, Y"},{"id":"updated_date","enabled":false,"label":"Am","date_format_source":"default","date_format":"M j, Y"},{"id":"categories","enabled":false,"label":"In","style":"simple"},{"id":"comments","enabled":true}],"page_meta_elements":{"joined":true,"articles_count":true,"comments":true}},{"id":"breadcrumbs","enabled":false}],"1ae9f68e8360d4ba147f19461b9154f8":"","hero_alignment1":"CT_CSS_SKIP_RULE","hero_margin":40,"hero_alignment2":"center","hero_vertical_alignment":"center","aa78a7e1a48a760fc2a19cf4ccdc7eb5":"","hero_structure":"narrow","5d51fd7f29c2dd18cf39be3e885300f2":"","page_title_bg_type":"featured_image","custom_hero_background":{"attachment_id":null},"page_title_image_size":"full","parallax":{"desktop":false,"tablet":false,"mobile":false},"80b61268642e806c6863c0068fee30c6":"","hero_height":"250px","pageTitleFont":{"family":"Default","variation":"Default","size":"30px","line-height":"CT_CSS_SKIP_RULE","letter-spacing":"CT_CSS_SKIP_RULE","text-transform":"CT_CSS_SKIP_RULE","text-decoration":"CT_CSS_SKIP_RULE"},"pageTitleFontColor":{"default":{"color":"CT_CSS_SKIP_RULEDEFAULT"}},"pageMetaFont":{"family":"Default","variation":"n6","size":"12px","line-height":"1.3","letter-spacing":"CT_CSS_SKIP_RULE","text-transform":"uppercase","text-decoration":"CT_CSS_SKIP_RULE"},"pageMetaFontColor":{"default":{"color":"CT_CSS_SKIP_RULEDEFAULT"},"hover":{"color":"CT_CSS_SKIP_RULEDEFAULT"}},"page_meta_button_type_font_colors":{"default":{"color":"CT_CSS_SKIP_RULEDEFAULT"},"hover":{"color":"CT_CSS_SKIP_RULEDEFAULT"}},"page_meta_button_type_background_colors":{"default":{"color":"CT_CSS_SKIP_RULEDEFAULT"},"hover":{"color":"CT_CSS_SKIP_RULEDEFAULT"}},"pageExcerptFont":{"family":"Default","variation":"Default","size":"CT_CSS_SKIP_RULE","line-height":"CT_CSS_SKIP_RULE","letter-spacing":"CT_CSS_SKIP_RULE","text-transform":"CT_CSS_SKIP_RULE","text-decoration":"CT_CSS_SKIP_RULE"},"pageExcerptColor":{"default":{"color":"CT_CSS_SKIP_RULEDEFAULT"}},"breadcrumbsFont":{"family":"Default","variation":"Default","size":"CT_CSS_SKIP_RULE","line-height":"CT_CSS_SKIP_RULE","letter-spacing":"CT_CSS_SKIP_RULE","text-transform":"CT_CSS_SKIP_RULE","text-decoration":"CT_CSS_SKIP_RULE"},"breadcrumbsFontColor":{"default":{"color":"CT_CSS_SKIP_RULEDEFAULT"},"initial":{"color":"CT_CSS_SKIP_RULEDEFAULT"},"hover":{"color":"CT_CSS_SKIP_RULEDEFAULT"}},"pageTitleOverlay":{"background_type":"color","background_pattern":"type-1","background_image":{"attachment_id":null,"x":0,"y":0},"gradient":"linear-gradient(135deg,rgba(6,147,227,1) 0%,rgb(155,81,224) 100%)","background_repeat":"repeat","background_size":"auto","background_attachment":"scroll","patternColor":{"default":{"color":"#e5e7ea"}},"overlayColor":{"default":{"color":"CT_CSS_SKIP_RULE"}},"backgroundColor":{"default":{"color":"CT_CSS_SKIP_RULE"}}},"pageTitleBackground":{"background_type":"color","background_pattern":"type-1","background_image":{"attachment_id":null,"x":0,"y":0},"gradient":"linear-gradient(135deg,rgba(6,147,227,1) 0%,rgb(155,81,224) 100%)","background_repeat":"repeat","background_size":"auto","background_attachment":"scroll","patternColor":{"default":{"color":"#e5e7ea"}},"overlayColor":{"default":{"color":"CT_CSS_SKIP_RULE"}},"backgroundColor":{"default":{"color":"var(--theme-palette-color-6)"}}},"pageTitlePadding":{"top":"50px","bottom":"50px","left":"auto","right":"auto","linked":true},"8d13b5b9b0d50b165a1df23a7aab2c9e":"","page_structure_type":"default","a29764d57ab0a331ed5464890c137b6d":"","content_style_source":"inherit","content_style":"wide","vertical_spacing_source":"custom","content_area_spacing":"bottom","background":{"background_type":"color","background_pattern":"type-1","background_image":{"attachment_id":null,"x":0,"y":0},"gradient":"linear-gradient(135deg,rgba(6,147,227,1) 0%,rgb(155,81,224) 100%)","background_repeat":"repeat","background_size":"auto","background_attachment":"scroll","patternColor":{"default":{"color":"#e5e7ea"}},"overlayColor":{"default":{"color":"CT_CSS_SKIP_RULE"}},"backgroundColor":{"default":{"color":"CT_CSS_SKIP_RULE"}}},"content_background":{"background_type":"color","background_pattern":"type-1","background_image":{"attachment_id":null,"x":0,"y":0},"gradient":"linear-gradient(135deg,rgba(6,147,227,1) 0%,rgb(155,81,224) 100%)","background_repeat":"repeat","background_size":"auto","background_attachment":"scroll","patternColor":{"default":{"color":"#e5e7ea"}},"overlayColor":{"default":{"color":"CT_CSS_SKIP_RULE"}},"backgroundColor":{"default":{"color":"var(--theme-palette-color-8)"}}},"content_boxed_shadow":{"inherit":false,"blur":18,"spread":-6,"v_offset":12,"h_offset":0,"inset":false,"enable":true,"color":{"color":"rgba(34, 56, 101, 0.04)"}},"content_boxed_border":{"width":1,"style":"none","color":{"color":"rgba(44,62,80,0.2)"}},"content_boxed_radius":{"top":"3px","bottom":"3px","left":"3px","right":"3px","linked":true},"boxed_content_spacing":{"desktop":{"top":"40px","bottom":"40px","left":"40px","right":"40px","linked":true},"tablet":{"top":"35px","bottom":"35px","left":"35px","right":"35px","linked":true},"mobile":{"top":"20px","bottom":"20px","left":"20px","right":"20px","linked":true}},"17ed5de3423870c9fff0da4189570c99":"","disable_featured_image":"no","disable_share_box":"no","disable_header":"yes","disable_footer":"yes","e351ad0d26e6e4e13f87e5110729ab1b":"","bfd3c6f1a79f531afbaf414039723077":"","dbf49f100c62aab77699e0837695e8a2":"","ee009fd42b1292b5bffdd97436d81e16":"","2dbbf091b1461e95fc72747d4ce6d1a5":"","79ea3185924d621e88b4b9b6bb7ae217":"","7154c60c1ed4cae7f6ee91ce67f7f070":"","c57876f00db73173f3f6d9262965957c":""},"_links":{"self":[{"href":"https:\/\/holger-langer.de\/findedeinwarum\/wp-json\/wp\/v2\/pages\/2","targetHints":{"allow":["GET"]}}],"collection":[{"href":"https:\/\/holger-langer.de\/findedeinwarum\/wp-json\/wp\/v2\/pages"}],"about":[{"href":"https:\/\/holger-langer.de\/findedeinwarum\/wp-json\/wp\/v2\/types\/page"}],"author":[{"embeddable":true,"href":"https:\/\/holger-langer.de\/findedeinwarum\/wp-json\/wp\/v2\/users\/1"}],"replies":[{"embeddable":true,"href":"https:\/\/holger-langer.de\/findedeinwarum\/wp-json\/wp\/v2\/comments?post=2"}],"version-history":[{"count":8,"href":"https:\/\/holger-langer.de\/findedeinwarum\/wp-json\/wp\/v2\/pages\/2\/revisions"}],"predecessor-version":[{"id":100,"href":"https:\/\/holger-langer.de\/findedeinwarum\/wp-json\/wp\/v2\/pages\/2\/revisions\/100"}],"wp:attachment":[{"href":"https:\/\/holger-langer.de\/findedeinwarum\/wp-json\/wp\/v2\/media?parent=2"}],"curies":[{"name":"wp","href":"https:\/\/api.w.org\/{rel}","templated":true}]}}